{"id":1028,"date":"2015-07-13T09:36:45","date_gmt":"2015-07-13T07:36:45","guid":{"rendered":"http:\/\/talstadtgemeinde-bernburg.de\/?page_id=1028"},"modified":"2015-07-13T09:36:45","modified_gmt":"2015-07-13T07:36:45","slug":"abendmusik-in-waldau","status":"publish","type":"page","link":"https:\/\/talstadtgemeinde-bernburg.de\/?page_id=1028","title":{"rendered":"Abendmusik in Waldau"},"content":{"rendered":"<p>Am 18. April 2015 erlebten die G\u00e4ste in der gut gef\u00fcllten Waldauer Kirche St. Stephani die erste Abendmusik dieses Jahres. Der Posaunenchor der Ev. Talstadtgemeinde Bernburg musizierte unter Leitung von Felix Meirich gemeinsam mit dem Posaunenchor aus Beesenlaublingen. Pfarrer Steffen Gr\u00f6hl verriet zwischen den St\u00fccken Wissenswertes \u00fcber die romanische Kirche. Dieses Konzert bildete den Auftakt von insgesamt 6 Abendmusiken in diesem Jahr. Die weiteren Stationen sind: 30.05. Kirche Bebitz, 12.06. Kirche Gerbitz, <del>18.07. Kirche Piesdorf<\/del>, 22.08. Kirche Dr\u00f6bel, 11.09. Kirche Lebendorf. Die halbst\u00fcndigen Konzerte beginnen jeweils um 17.00 Uhr. Der Eintritt ist jeweils frei.<\/p>\n<p>Weitere Bilder und Informationen finden Sie auf der Website des Posaunenchors: <a href=\"http:\/\/www.marien-blaeser.de\">www.marien-blaeser.de<\/a><\/p>\n<p><img loading=\"lazy\" decoding=\"async\" class=\"aligncenter wp-image-829 size-large\" src=\"https:\/\/talstadtgemeinde-bernburg.de\/wp-content\/uploads\/2015\/04\/IMG_0426-1024x768.jpg\" alt=\"IMG_0426\" width=\"625\" height=\"469\" srcset=\"https:\/\/talstadtgemeinde-bernburg.de\/wp-content\/uploads\/2015\/04\/IMG_0426-1024x768.jpg 1024w, https:\/\/talstadtgemeinde-bernburg.de\/wp-content\/uploads\/2015\/04\/IMG_0426-300x225.jpg 300w, https:\/\/talstadtgemeinde-bernburg.de\/wp-content\/uploads\/2015\/04\/IMG_0426-768x576.jpg 768w, https:\/\/talstadtgemeinde-bernburg.de\/wp-content\/uploads\/2015\/04\/IMG_0426-624x468.jpg 624w\" sizes=\"(max-width: 625px) 100vw, 625px\" \/> <img loading=\"lazy\" decoding=\"async\" class=\"aligncenter wp-image-828 size-large\" src=\"https:\/\/talstadtgemeinde-bernburg.de\/wp-content\/uploads\/2015\/04\/IMG_0478.PNG-1024x768.jpeg\" alt=\"IMG_0478.PNG\" width=\"625\" height=\"469\" srcset=\"https:\/\/talstadtgemeinde-bernburg.de\/wp-content\/uploads\/2015\/04\/IMG_0478.PNG-1024x768.jpeg 1024w, https:\/\/talstadtgemeinde-bernburg.de\/wp-content\/uploads\/2015\/04\/IMG_0478.PNG-300x225.jpeg 300w, https:\/\/talstadtgemeinde-bernburg.de\/wp-content\/uploads\/2015\/04\/IMG_0478.PNG-768x576.jpeg 768w, https:\/\/talstadtgemeinde-bernburg.de\/wp-content\/uploads\/2015\/04\/IMG_0478.PNG-624x468.jpeg 624w, https:\/\/talstadtgemeinde-bernburg.de\/wp-content\/uploads\/2015\/04\/IMG_0478.PNG.jpeg 1520w\" sizes=\"(max-width: 625px) 100vw, 625px\" \/> <img loading=\"lazy\" decoding=\"async\" class=\"aligncenter wp-image-827 size-large\" src=\"https:\/\/talstadtgemeinde-bernburg.de\/wp-content\/uploads\/2015\/04\/IMG_1613-1024x768.jpg\" alt=\"IMG_1613\" width=\"625\" height=\"469\" srcset=\"https:\/\/talstadtgemeinde-bernburg.de\/wp-content\/uploads\/2015\/04\/IMG_1613-1024x768.jpg 1024w, https:\/\/talstadtgemeinde-bernburg.de\/wp-content\/uploads\/2015\/04\/IMG_1613-300x225.jpg 300w, https:\/\/talstadtgemeinde-bernburg.de\/wp-content\/uploads\/2015\/04\/IMG_1613-768x576.jpg 768w, https:\/\/talstadtgemeinde-bernburg.de\/wp-content\/uploads\/2015\/04\/IMG_1613-624x468.jpg 624w\" sizes=\"(max-width: 625px) 100vw, 625px\" \/><\/p>\n","protected":false},"excerpt":{"rendered":"<p>Am 18. April 2015 erlebten die G\u00e4ste in der gut gef\u00fcllten Waldauer Kirche St. Stephani die erste Abendmusik dieses Jahres. Der Posaunenchor der Ev. Talstadtgemeinde Bernburg musizierte unter Leitung von Felix Meirich gemeinsam mit dem Posaunenchor aus Beesenlaublingen. Pfarrer Steffen Gr\u00f6hl verriet zwischen den St\u00fccken Wissenswertes \u00fcber die romanische Kirche. Dieses Konzert bildete den Auftakt [&hellip;]<\/p>\n","protected":false},"author":1,"featured_media":0,"parent":833,"menu_order":0,"comment_status":"closed","ping_status":"closed","template":"","meta":{"footnotes":""},"_links":{"self":[{"href":"https:\/\/talstadtgemeinde-bernburg.de\/index.php?rest_route=\/wp\/v2\/pages\/1028"}],"collection":[{"href":"https:\/\/talstadtgemeinde-bernburg.de\/index.php?rest_route=\/wp\/v2\/pages"}],"about":[{"href":"https:\/\/talstadtgemeinde-bernburg.de\/index.php?rest_route=\/wp\/v2\/types\/page"}],"author":[{"embeddable":true,"href":"https:\/\/talstadtgemeinde-bernburg.de\/index.php?rest_route=\/wp\/v2\/users\/1"}],"replies":[{"embeddable":true,"href":"https:\/\/talstadtgemeinde-bernburg.de\/index.php?rest_route=%2Fwp%2Fv2%2Fcomments&post=1028"}],"version-history":[{"count":0,"href":"https:\/\/talstadtgemeinde-bernburg.de\/index.php?rest_route=\/wp\/v2\/pages\/1028\/revisions"}],"up":[{"embeddable":true,"href":"https:\/\/talstadtgemeinde-bernburg.de\/index.php?rest_route=\/wp\/v2\/pages\/833"}],"wp:attachment":[{"href":"https:\/\/talstadtgemeinde-bernburg.de\/index.php?rest_route=%2Fwp%2Fv2%2Fmedia&parent=1028"}],"curies":[{"name":"wp","href":"https:\/\/api.w.org\/{rel}","templated":true}]}}

<p>Am 18. April 2015 erlebten die Gäste in der gut gefüllten Waldauer Kirche St. Stephani die erste Abendmusik dieses Jahres. Der Posaunenchor der Ev. Talstadtgemeinde Bernburg musizierte unter Leitung von Felix Meirich gemeinsam mit dem Posaunenchor aus Beesenlaublingen. Pfarrer Steffen Gröhl verriet zwischen den Stücken Wissenswertes über die romanische Kirche. Dieses Konzert bildete den Auftakt von insgesamt 6 Abendmusiken in diesem Jahr. Die weiteren Stationen sind: 30.05. Kirche Bebitz, 12.06. Kirche Gerbitz, <del>18.07. Kirche Piesdorf</del>, 22.08. Kirche Dröbel, 11.09. Kirche Lebendorf. Die halbstündigen Konzerte beginnen jeweils um 17.00 Uhr. Der Eintritt ist jeweils frei.</p>
<p>Weitere Bilder und Informationen finden Sie auf der Website des Posaunenchors: <a href="http://www.marien-blaeser.de">www.marien-blaeser.de</a></p>
<p><img loading="lazy" decoding="async" class="aligncenter wp-image-829 size-large" src="https://talstadtgemeinde-bernburg.de/wp-content/uploads/2015/04/IMG_0426-1024x768.jpg" alt="IMG_0426" width="625" height="469" srcset="https://talstadtgemeinde-bernburg.de/wp-content/uploads/2015/04/IMG_0426-1024x768.jpg 1024w, https://talstadtgemeinde-bernburg.de/wp-content/uploads/2015/04/IMG_0426-300x225.jpg 300w, https://talstadtgemeinde-bernburg.de/wp-content/uploads/2015/04/IMG_0426-768x576.jpg 768w, https://talstadtgemeinde-bernburg.de/wp-content/uploads/2015/04/IMG_0426-624x468.jpg 624w" sizes="(max-width: 625px) 100vw, 625px" /> <img loading="lazy" decoding="async" class="aligncenter wp-image-828 size-large" src="https://talstadtgemeinde-bernburg.de/wp-content/uploads/2015/04/IMG_0478.PNG-1024x768.jpeg" alt="IMG_0478.PNG" width="625" height="469" srcset="https://talstadtgemeinde-bernburg.de/wp-content/uploads/2015/04/IMG_0478.PNG-1024x768.jpeg 1024w, https://talstadtgemeinde-bernburg.de/wp-content/uploads/2015/04/IMG_0478.PNG-300x225.jpeg 300w, https://talstadtgemeinde-bernburg.de/wp-content/uploads/2015/04/IMG_0478.PNG-768x576.jpeg 768w, https://talstadtgemeinde-bernburg.de/wp-content/uploads/2015/04/IMG_0478.PNG-624x468.jpeg 624w, https://talstadtgemeinde-bernburg.de/wp-content/uploads/2015/04/IMG_0478.PNG.jpeg 1520w" sizes="(max-width: 625px) 100vw, 625px" /> <img loading="lazy" decoding="async" class="aligncenter wp-image-827 size-large" src="https://talstadtgemeinde-bernburg.de/wp-content/uploads/2015/04/IMG_1613-1024x768.jpg" alt="IMG_1613" width="625" height="469" srcset="https://talstadtgemeinde-bernburg.de/wp-content/uploads/2015/04/IMG_1613-1024x768.jpg 1024w, https://talstadtgemeinde-bernburg.de/wp-content/uploads/2015/04/IMG_1613-300x225.jpg 300w, https://talstadtgemeinde-bernburg.de/wp-content/uploads/2015/04/IMG_1613-768x576.jpg 768w, https://talstadtgemeinde-bernburg.de/wp-content/uploads/2015/04/IMG_1613-624x468.jpg 624w" sizes="(max-width: 625px) 100vw, 625px" /></p>

<p>Am 18. April 2015 erlebten die Gäste in der gut gefüllten Waldauer Kirche St. Stephani die erste Abendmusik dieses Jahres. Der Posaunenchor der Ev. Talstadtgemeinde Bernburg musizierte unter Leitung von Felix Meirich gemeinsam mit dem Posaunenchor aus Beesenlaublingen. Pfarrer Steffen Gröhl verriet zwischen den Stücken Wissenswertes über die romanische Kirche. Dieses Konzert bildete den Auftakt [&hellip;]</p>
