{"id":1546,"date":"2016-10-22T14:07:42","date_gmt":"2016-10-22T12:07:42","guid":{"rendered":"http:\/\/talstadtgemeinde-bernburg.de\/?page_id=1546"},"modified":"2016-10-22T14:07:42","modified_gmt":"2016-10-22T12:07:42","slug":"geschichte-der-marienkirche","status":"publish","type":"page","link":"https:\/\/talstadtgemeinde-bernburg.de\/?page_id=1546","title":{"rendered":"Die Geschichte der Bernburger Marienkirche"},"content":{"rendered":"<div class=\"hidden-xs\" style=\"float: left; width: 180px; height: 330px;\">\n<div class=\"btn-group-vertical\">\n<div class=\"btn-group\"><button class=\"btn btn-default active\" type=\"button\">Name<\/button><\/div>\n<div class=\"btn-group\"><button class=\"btn btn-default\" type=\"button\"><a href=\"https:\/\/talstadtgemeinde-bernburg.de\/?page_id=1548\">Chor<\/a><\/button><\/div>\n<div class=\"btn-group\"><button class=\"btn btn-default\" type=\"button\"><a href=\"https:\/\/talstadtgemeinde-bernburg.de\/?page_id=1550\">Ausstattung<\/a><\/button><\/div>\n<div class=\"btn-group\"><button class=\"btn btn-default\" type=\"button\"><a href=\"https:\/\/talstadtgemeinde-bernburg.de\/?page_id=1552\">Kanzel\/Taufstein<\/a><\/button><\/div>\n<div class=\"btn-group\"><button class=\"btn btn-default\" type=\"button\"><a href=\"https:\/\/talstadtgemeinde-bernburg.de\/?page_id=1554\">Orgel<\/a><\/button><\/div>\n<div class=\"btn-group\"><button class=\"btn btn-default\" type=\"button\"><a href=\"https:\/\/talstadtgemeinde-bernburg.de\/?page_id=1557\">Apostel<\/a><\/button><\/div>\n<div class=\"btn-group\"><button class=\"btn btn-default\" type=\"button\"><a href=\"https:\/\/talstadtgemeinde-bernburg.de\/?page_id=1559\">Glocken<\/a><\/button><\/div>\n<div class=\"btn-group\"><button class=\"btn btn-default\" type=\"button\"><a href=\"https:\/\/talstadtgemeinde-bernburg.de\/?page_id=1561\">T\u00fcrmerstube<\/a><\/button><\/div>\n<div class=\"btn-group\"><button class=\"btn btn-default\" type=\"button\"><a href=\"https:\/\/talstadtgemeinde-bernburg.de\/?page_id=1563\">Das &#8222;Gef\u00e4ngnis&#8220;<\/a><\/button><\/div>\n<\/div>\n<\/div>\n<p><b>Name und Baustil der Marienkirche<img loading=\"lazy\" decoding=\"async\" class=\"alignright size-medium wp-image-1616\" src=\"https:\/\/talstadtgemeinde-bernburg.de\/wp-content\/uploads\/2016\/10\/IMG_2746-172x300.jpg\" alt=\"img_2746\" width=\"172\" height=\"300\" srcset=\"https:\/\/talstadtgemeinde-bernburg.de\/wp-content\/uploads\/2016\/10\/IMG_2746-172x300.jpg 172w, https:\/\/talstadtgemeinde-bernburg.de\/wp-content\/uploads\/2016\/10\/IMG_2746-587x1024.jpg 587w, https:\/\/talstadtgemeinde-bernburg.de\/wp-content\/uploads\/2016\/10\/IMG_2746.jpg 600w\" sizes=\"(max-width: 172px) 100vw, 172px\" \/><\/b><\/p>\n<p>Die Marienkirche ist, wie andere Kirchen auch, eng mit der Stadtgeschichte Bernburgs verbunden. Die ersten geschichtlich nachweislichen Anf\u00e4nge einer Stadt kn\u00fcpfen in der Regel an die Entstehung der Kirche an. Es war fr\u00fcher selbstverst\u00e4ndlich, dass wichtige Ereignisse in der Stadt ihren Ausdruck in entsprechenden kirchlichen Feiern fanden. Die Kirchenb\u00fccher sind eine wichtige Quelle \u00fcber Wohl und Wehe der Stadt und ihrer B\u00fcrger.<\/p>\n<p>Auch die Stadtkirche Beatae Mariae Virginis (der seligen Jungfrau Maria) steht in enger Verbindung mit der Entstehung und Entwicklung der Stadt Bernburg. Andere Namen waren: \u201cAltst\u00e4dter Kirche\u201d, \u201cStadtkirche\u201d, \u201cKathedralkirche von Anhalt-Bernburg\u201d, \u201cUnse lewe Fruwen Kerke to Berneborch\u201d bzw. \u201c\u2026in der olden Stadt Berneborch\u201d. Sie gilt als das kunstgeschichtlich bedeutendste Bauwerk der Stadt Bernburg. Erstmalig erw\u00e4hnt wird sie im Jahre 1228.<\/p>\n<p>Die Einstellung zur Kirche hat sich seitdem gewandelt. Sie, und mit ihr die christliche Botschaft, ist an den Rand der Gesellschaft ger\u00fcckt. Die Marienkirche selbst steht aber noch im Zentrum der Altstadt und pr\u00e4gt durch ihre wuchtige Gestalt das Stadtbild. Sie ist in ihrer Gr\u00f6\u00dfe anst\u00f6\u00dfig und herausfordernd zugleich.<\/p>\n<nav>\n<ul class=\"pager\">\n<li class=\"next\"><a href=\"https:\/\/talstadtgemeinde-bernburg.de\/?page_id=1548\">Weiter\u00a0\u2192<\/a><\/li>\n<\/ul>\n<\/nav>\n","protected":false},"excerpt":{"rendered":"<p>Name Chor Ausstattung Kanzel\/Taufstein Orgel Apostel Glocken T\u00fcrmerstube Das &#8222;Gef\u00e4ngnis&#8220; Name und Baustil der Marienkirche Die Marienkirche ist, wie andere Kirchen auch, eng mit der Stadtgeschichte Bernburgs verbunden. Die ersten geschichtlich nachweislichen Anf\u00e4nge einer Stadt kn\u00fcpfen in der Regel an die Entstehung der Kirche an. Es war fr\u00fcher selbstverst\u00e4ndlich, dass wichtige Ereignisse in der Stadt [&hellip;]<\/p>\n","protected":false},"author":2,"featured_media":0,"parent":0,"menu_order":0,"comment_status":"closed","ping_status":"closed","template":"page-templates\/full-width.php","meta":{"footnotes":""},"_links":{"self":[{"href":"https:\/\/talstadtgemeinde-bernburg.de\/index.php?rest_route=\/wp\/v2\/pages\/1546"}],"collection":[{"href":"https:\/\/talstadtgemeinde-bernburg.de\/index.php?rest_route=\/wp\/v2\/pages"}],"about":[{"href":"https:\/\/talstadtgemeinde-bernburg.de\/index.php?rest_route=\/wp\/v2\/types\/page"}],"author":[{"embeddable":true,"href":"https:\/\/talstadtgemeinde-bernburg.de\/index.php?rest_route=\/wp\/v2\/users\/2"}],"replies":[{"embeddable":true,"href":"https:\/\/talstadtgemeinde-bernburg.de\/index.php?rest_route=%2Fwp%2Fv2%2Fcomments&post=1546"}],"version-history":[{"count":0,"href":"https:\/\/talstadtgemeinde-bernburg.de\/index.php?rest_route=\/wp\/v2\/pages\/1546\/revisions"}],"wp:attachment":[{"href":"https:\/\/talstadtgemeinde-bernburg.de\/index.php?rest_route=%2Fwp%2Fv2%2Fmedia&parent=1546"}],"curies":[{"name":"wp","href":"https:\/\/api.w.org\/{rel}","templated":true}]}}