{"id":2601,"date":"2021-03-08T19:42:04","date_gmt":"2021-03-08T18:42:04","guid":{"rendered":"http:\/\/talstadtgemeinde-bernburg.de\/?page_id=2601"},"modified":"2022-05-09T21:14:33","modified_gmt":"2022-05-09T19:14:33","slug":"fuer-qr-code-17","status":"publish","type":"page","link":"https:\/\/talstadtgemeinde-bernburg.de\/?page_id=2601","title":{"rendered":"Kriegerdenkmal"},"content":{"rendered":"\n<p>In den 1920er Jahren&nbsp;wurden&nbsp;in Bernburg&nbsp;von&nbsp;Kirchengemeinden, Sportvereinen, Traditionsverb\u00e4nden&nbsp;und Schulen&nbsp;zahlreiche Ehrendenkm\u00e4ler&nbsp;und Gedenktafeln&nbsp;f\u00fcr die&nbsp;Gefallenen, Vermissten und Verstorbenen des Weltkrieges errichtet.&nbsp;Auf dem Friedhof II&nbsp;entstand&nbsp;eine gro\u00dfe zentrale Gedenkanlage, die jedoch zum gr\u00f6\u00dften Teil beim Bombenangriff am&nbsp;11. April 1945 zerst\u00f6rt wurde. Die Waldauer Stefanusgemeinde erbaute&nbsp;als erste&nbsp;Kirchengemeinde&nbsp;in Bernburg ein gro\u00dfes Ehrendenkmal. Es wurde am Pfingstsonntag, dem 20. Mai 1923 mit einem&nbsp;Festakt auf einer Anh\u00f6he&nbsp;im westlichen Teil&nbsp;des Gartens&nbsp;der 1893 fertiggestellten&nbsp;neuen Waldauer Kirche&nbsp;eingeweiht.&nbsp;F\u00fcr die Planung, Errichtung und Einweihung hatte der Gemeindekirchenrat (GKR) eine Ehrendenkmalkommission gegr\u00fcndet, der Pastor Lingner und der Vorsitzende des GKR Dr. Horst Wagner, Besitzer der Chemischen Fabrik in Waldau, vorstanden. F\u00fcr den Entwurf wurde der Magdeburger Bildhauer Hermann Habs gewonnen, die Bauausf\u00fchrung&nbsp;stand unter der Leitung der Anhaltischen Bauverwaltung, namentlich Regierungs- und Baurat Hans Wendler und Rosa S\u00f6hns. Das Denkmal entstand unter den schwierigsten wirtschaftlichen Verh\u00e4ltnissen. So nutzte man f\u00fcr den Bau Sandsteinelemente des aufgel\u00f6sten alten Waldauer Friedhofs,&nbsp;viele Kleinunternehmer und Privatleute lieferten&nbsp;und arbeiteten unentgeltlich. Dennoch reichten unter den Bedingungen der heraufziehenden Hyperinflation die Mittel nicht, um bis zur Fertigstellung alle&nbsp;Forderungen&nbsp;zu begleichen. Weitere massive Spendenaktionen waren n\u00f6tig.<\/p>\n\n\n\n<div class=\"wp-block-image\"><figure class=\"aligncenter size-large\"><img loading=\"lazy\" decoding=\"async\" width=\"1024\" height=\"666\" src=\"https:\/\/talstadtgemeinde-bernburg.de\/wp-content\/uploads\/2021\/10\/Kriegerdenkmal-I.-WK-Friedhof-Ilberstedter-Str.-IMG_20210121_BR\u00fcdiger_bearb-1024x666.jpeg\" alt=\"\" class=\"wp-image-2685\" srcset=\"https:\/\/talstadtgemeinde-bernburg.de\/wp-content\/uploads\/2021\/10\/Kriegerdenkmal-I.-WK-Friedhof-Ilberstedter-Str.-IMG_20210121_BR\u00fcdiger_bearb-1024x666.jpeg 1024w, https:\/\/talstadtgemeinde-bernburg.de\/wp-content\/uploads\/2021\/10\/Kriegerdenkmal-I.-WK-Friedhof-Ilberstedter-Str.-IMG_20210121_BR\u00fcdiger_bearb-300x195.jpeg 300w, https:\/\/talstadtgemeinde-bernburg.de\/wp-content\/uploads\/2021\/10\/Kriegerdenkmal-I.-WK-Friedhof-Ilberstedter-Str.-IMG_20210121_BR\u00fcdiger_bearb-768x499.jpeg 768w, https:\/\/talstadtgemeinde-bernburg.de\/wp-content\/uploads\/2021\/10\/Kriegerdenkmal-I.-WK-Friedhof-Ilberstedter-Str.-IMG_20210121_BR\u00fcdiger_bearb-1536x999.jpeg 1536w, https:\/\/talstadtgemeinde-bernburg.de\/wp-content\/uploads\/2021\/10\/Kriegerdenkmal-I.-WK-Friedhof-Ilberstedter-Str.-IMG_20210121_BR\u00fcdiger_bearb-2048x1332.jpeg 2048w, https:\/\/talstadtgemeinde-bernburg.de\/wp-content\/uploads\/2021\/10\/Kriegerdenkmal-I.-WK-Friedhof-Ilberstedter-Str.-IMG_20210121_BR\u00fcdiger_bearb-624x406.jpeg 624w\" sizes=\"(max-width: 1024px) 100vw, 1024px\" \/><figcaption><code>Foto des Denkmals von Birthe R\u00fcdiger<\/code><\/figcaption><\/figure><\/div>\n\n\n\n<p>Am Ende aber war ein Denkmal entstanden, das \u201eals Schmuckst\u00fcck f\u00fcr die ganze Stadt Bernburg\u201c (Anhalter Kurier) bezeichnet wurde. 124&nbsp;Namen wurden auf den kreuzf\u00f6rmig angeordneten Sandsteinplatten des Denkmal-Oberbaus eingemei\u00dfelt \u2013 unabh\u00e4ngig von Konfession und kirchlicher Zugeh\u00f6rigkeit.&nbsp;<\/p>\n\n\n\n<p>In den 1960er Jahren war das Umfeld des Denkmals verwildert, viele der Kriegsopfer vergessen. Der Grundst\u00fccksnachbar beantragte einen Fl\u00e4chenerwerb bei der Landeskirche und diese willigte ein. Das Denkmal durfte der neue Eigent\u00fcmer jedoch nicht entfernen. So geschah es, dass auch das Denkmal nur noch wenigen in Erinnerung blieb. Erst eine Veranstaltung zum 100. Jahrestag des Kriegsendes in Bernburg im Oktober 2018 regte einen Besucher an, das Denkmal wieder f\u00fcr die \u00d6ffentlichkeit erlebbar zu machen und somit die Orte der Gedenkkultur in der Stadt zu bereichern. Der Bernburger Heinz Gorris besorgte im Zusammenwirken mit der Stadtverwaltung und dem Landesamt f\u00fcr Denkmalschutz und Arch\u00e4ologie&nbsp;die Umsetzung des Denkmals vom Privatgrundst\u00fcck an der Magdeburger Stra\u00dfe zum Friedhof III auf eigene Kosten. Abbau, Umsetzung und Wiederaufbau des Denkmals erledigte der Sch\u00f6nebecker Steinmetzmeister Steffen Kalisch im November 2020. Dabei fiel auf, dass das Denkmal nicht mehr komplett erhalten war; insbesondere fehlen die vierte Namenstafel und die Bekr\u00f6nung durch Kugel und Eisernes Kreuz.&nbsp;<\/p>\n\n\n\n<p>Die Stadt Bernburg (Saale) dankt dem Initiator und Spender Heinz Gorris f\u00fcr die ungew\u00f6hnliche&nbsp;und gro\u00dfherzige&nbsp;Aktion.<\/p>\n\n\n\n<p>Joachim Grossert<br><a href=\"mailto:joachim.grossert@gmx.de\">joachim.grossert@gmx.de<\/a><\/p>\n\n\n\n<p class=\"has-text-color has-background has-text-align-center has-very-light-gray-color has-cyan-bluish-gray-background-color\"><strong>Die Opfernamen<\/strong>&nbsp;<br>&#8211; insgesamt 124 &#8211;<\/p>\n\n\n\n<p class=\"has-text-align-center\"><strong>1914<\/strong><br> Willy Fiedler<br> Albert Ganzer<br> Wilhelm Schmidt<br> Hermann Ziegler<br> Paul Sube<br> Wilhelm Neupert<br> Paul Rose<br> Hermann Valdeig<br> Hermann Kr\u00f6kel<br> Karl Schulze<br> Walter Spangenberg<br> Hermann Gustav Greye<br> Albert Oemler<br> Franz Koch<br> Otto Meiling<br> Otto Jurisch<br> Karl Meinecke<br> Emil Knaul<br> Otto Hummel<br> Otto Graumann<br> Gustav Knorr<br> Wilhelm Ziegler<br> Franz Koch<\/p>\n\n\n\n<p class=\"has-text-align-center\"><strong>1915<\/strong><br> Richard Linke<br> Paul K\u00f6nig<br> Otto Franzelius<br> Otto Koch<br> Gustav Sube<br> Walter Osterland<br> Richard Trolldenier<br> Eduard Domin\u00e9<br> Friedrich Stutz<br> Alwin Papendieck<br> Otto Maschke<br> Otto Schulze<br> Albert Pflugmacher<br> Otto Kindling<br> Otto Wagner<br> Gustav Birnbaum<br> Paul Birnbaum<br> Karl Hundt<br> Otto Bestehorn<br> Otto Knaul<br> Paul Pfeiffer<br> Wilhelm Beuster<br> Wilhelm Schumann<br> Otto Trauscholdt<br> Hermann Hanebutt<br> Stephan Wojtaszek<br> Wilhelm Geissler<br> Wilhelm Proft<br> Friedrich Kloppe<br> Franz Defert<br> Wilhelm Pauli<br> Karl Brockmann<br> Franz Birnbaum<br> Wilhelm Schw\u00e4rzel<br> Franz T\u00e4ger<br> Paul Krieg<br> Albert Ostwald<br> Paul Riegelmann<\/p>\n\n\n\n<p class=\"has-text-align-center\"><strong>1916<\/strong><br> Martin Voigt<br> Wilhelm Eckert<br> Franz Knopf<br> Alwin Hartmann<br> Walter Hesse<br> Friedrich Noah<br> Johannes Neupert<br> Willy Meiling<br> Willy Schr\u00f6ter<br> Erich Fleischhauer<br> Franz Defert<br> Heinrich Gothe<br> Franz Petzold<br> August Barnebeck<br> Richard R\u00f6hrig<br> Ewald G\u00fcnther<br> Robert Krieg<br> Karl Heller<br> Friedrich Noah<br> Karl Rose<br> Gustav Herzog<\/p>\n\n\n\n<p class=\"has-text-align-center\"><strong>1917<\/strong><br> Richard Knauft<br> Anton Maa\u00df<br> Paul Kr\u00fcger<br> Friedrich Koch<br> Robert K\u00f6bbel<br> Hermann Gr\u00fcnewald<br> Hermann Beuster<br> Otto Maa\u00df<br> Karl Stolze<br> Franz Oppermann<br> Franz Birnbaum<br> Franz Borrmann<br> Christian Stange<br> Otto Radecke<br> Karl Hundt<br> Emil Schulz<br> Karl Keitel<br> Wilhelm Knabe<br> Julius Ryzek<br> Wilhelm Eurich<br> Wilhelm Klawatzki<br> Otto Hey<br> Otto Sube<\/p>\n\n\n\n<p class=\"has-text-align-center\"><strong>1918<\/strong><br> Ernst Br\u00f6sel<br> Karl Steinbach<br> Georg Gothe<br> Franz Noah<br> Wilhelm Schulze<br> Konrad Franz Hartung<br> Otto Barnebeck<br> Otto Gro\u00dfkopf<br> Karl Steinbach [Nachmeldung 1935]<\/p>\n\n\n\n<p class=\"has-text-align-center\"><strong>Ohne Angabe<\/strong><br> Karl Barnebeck<br> Richard Knauft<br> Franz Mehlhase<br> Willy Pulst<br> Friedrich Schwabe<br> Karl Knabe<br> Franz Lange<br> Reinhold Gro\u00dfkopf<br> Fritz Defert<br> Otto Neuber<\/p>\n","protected":false},"excerpt":{"rendered":"<p>In den 1920er Jahren&nbsp;wurden&nbsp;in Bernburg&nbsp;von&nbsp;Kirchengemeinden, Sportvereinen, Traditionsverb\u00e4nden&nbsp;und Schulen&nbsp;zahlreiche Ehrendenkm\u00e4ler&nbsp;und Gedenktafeln&nbsp;f\u00fcr die&nbsp;Gefallenen, Vermissten und Verstorbenen des Weltkrieges errichtet.&nbsp;Auf dem Friedhof II&nbsp;entstand&nbsp;eine gro\u00dfe zentrale Gedenkanlage, die jedoch zum gr\u00f6\u00dften Teil beim Bombenangriff am&nbsp;11. April 1945 zerst\u00f6rt wurde. Die Waldauer Stefanusgemeinde erbaute&nbsp;als erste&nbsp;Kirchengemeinde&nbsp;in Bernburg ein gro\u00dfes Ehrendenkmal. Es wurde am Pfingstsonntag, dem 20. Mai 1923 mit einem&nbsp;Festakt auf [&hellip;]<\/p>\n","protected":false},"author":2,"featured_media":0,"parent":0,"menu_order":0,"comment_status":"closed","ping_status":"closed","template":"","meta":{"footnotes":""},"_links":{"self":[{"href":"https:\/\/talstadtgemeinde-bernburg.de\/index.php?rest_route=\/wp\/v2\/pages\/2601"}],"collection":[{"href":"https:\/\/talstadtgemeinde-bernburg.de\/index.php?rest_route=\/wp\/v2\/pages"}],"about":[{"href":"https:\/\/talstadtgemeinde-bernburg.de\/index.php?rest_route=\/wp\/v2\/types\/page"}],"author":[{"embeddable":true,"href":"https:\/\/talstadtgemeinde-bernburg.de\/index.php?rest_route=\/wp\/v2\/users\/2"}],"replies":[{"embeddable":true,"href":"https:\/\/talstadtgemeinde-bernburg.de\/index.php?rest_route=%2Fwp%2Fv2%2Fcomments&post=2601"}],"version-history":[{"count":10,"href":"https:\/\/talstadtgemeinde-bernburg.de\/index.php?rest_route=\/wp\/v2\/pages\/2601\/revisions"}],"predecessor-version":[{"id":2776,"href":"https:\/\/talstadtgemeinde-bernburg.de\/index.php?rest_route=\/wp\/v2\/pages\/2601\/revisions\/2776"}],"wp:attachment":[{"href":"https:\/\/talstadtgemeinde-bernburg.de\/index.php?rest_route=%2Fwp%2Fv2%2Fmedia&parent=2601"}],"curies":[{"name":"wp","href":"https:\/\/api.w.org\/{rel}","templated":true}]}}