{"id":937,"date":"2015-07-05T06:45:09","date_gmt":"2015-07-05T04:45:09","guid":{"rendered":"http:\/\/talstadtgemeinde-bernburg.de\/?page_id=937"},"modified":"2015-07-05T06:45:09","modified_gmt":"2015-07-05T04:45:09","slug":"orgel-3","status":"publish","type":"page","link":"https:\/\/talstadtgemeinde-bernburg.de\/?page_id=937","title":{"rendered":"F\u00f6rderkreis &#8222;Neue Orgel f\u00fcr Marien&#8220;"},"content":{"rendered":"<h6 style=\"text-align: center;\"><a href=\"https:\/\/talstadtgemeinde-bernburg.de\/?page_id=173\">Vorstand<\/a>\u00a0&#8211;\u00a0<strong><a href=\"https:\/\/talstadtgemeinde-bernburg.de\/?page_id=935\">Geschichte<\/a>\u00a0&#8211;<\/strong>\u00a0Idee\u00a0&#8211;\u00a0<a href=\"https:\/\/talstadtgemeinde-bernburg.de\/?page_id=939\">Momentan<\/a>\u00a0&#8211;\u00a0<a href=\"https:\/\/talstadtgemeinde-bernburg.de\/?page_id=941\">Zeitplan<\/a>\u00a0&#8211;\u00a0<a href=\"https:\/\/talstadtgemeinde-bernburg.de\/?page_id=943\">Nutzungskonzept<\/a>\u00a0&#8211;\u00a0<a href=\"https:\/\/talstadtgemeinde-bernburg.de\/?page_id=947\">Kostenplanung<\/a>\u00a0&#8211;\u00a0<a href=\"https:\/\/talstadtgemeinde-bernburg.de\/?page_id=949\">Ausblick<\/a><\/h6>\n<hr \/>\n<p><strong><img loading=\"lazy\" decoding=\"async\" class=\"alignright wp-image-1171\" src=\"https:\/\/talstadtgemeinde-bernburg.de\/wp-content\/uploads\/2015\/07\/LOGO-300x192.png\" alt=\"LOGO\" width=\"200\" height=\"128\" srcset=\"https:\/\/talstadtgemeinde-bernburg.de\/wp-content\/uploads\/2015\/07\/LOGO-300x192.png 300w, https:\/\/talstadtgemeinde-bernburg.de\/wp-content\/uploads\/2015\/07\/LOGO-624x399.png 624w, https:\/\/talstadtgemeinde-bernburg.de\/wp-content\/uploads\/2015\/07\/LOGO.png 649w\" sizes=\"(max-width: 200px) 100vw, 200px\" \/>DIE IDEE<\/strong><\/p>\n<p>Im F\u00f6rderkreis, dem derzeit 48\u00a0Mitglieder angeh\u00f6ren, beraten vom Kreiskirchenmusiker,\u00a0dem Orgelsachverst\u00e4ndigen\u00a0der Landeskirche\u00a0und dem\u00a0Architekten\u00a0der Talstadtgemeinde, entstand die Idee statt eines Neubaus einer Orgel auf den Erwerb einer dem ehemaligen Instrument \u00e4hnlichen Orgel, bestenfalls vom gleichen Orgelbauer,\u00a0zuzugehen.<\/p>\n<p>Hier bot sich der Ankauf einer\u00a0R\u00f6verorgel\u00a0der Stadtkirche im benachbarten\u00a0Alsleben\u00a0an.\u00a0Dieses Instrument entsprach dar\u00fcber hinaus auch den Dimensionen der ehemaligen Bernburger Orgel.\u00a0Im Jahr 2012 hatte der dortige Gemeindekirchenrat beschlossen, die\u00a0Alslebener\u00a0Stadtkirche\u00a0aufzugeben. Der F\u00f6rderkreis konnte die Orgel zu einem symbolischen Preis von 500.-\u00a0\u20ac\u00a0erwerben. Inzwischen liegen alle geborgenen Teile in der Marienkirche bzw. in einer trockenen und sicheren Lagerhalle.<\/p>\n<p>Die\u00a0Idee statt eines Neubaus\u00a0<b>eine gebrauchte Orgel neu aufzustellen<\/b>, bietet folgende Chancen: Die Gesamtkosten bleiben in einem ertr\u00e4glichen Ma\u00df. Ehrenamtliches\u00a0Engagement findet ein lohnendes Bet\u00e4tigungsfeld (z.B. bei den notwendigen Transportarbeiten), die lokale Vernetzung von \u201eKirche zu Kirche\u201c wird sichtbar und in der \u00d6ffentlichkeit gew\u00fcrdigt\u00a0und es tut sich die M\u00f6glichkeit einer \u00f6ffentlichen F\u00f6rderung auf u.a. durch die Toto \u2013 Lotto GmbH und die EU.<\/p>\n<p>Dar\u00fcber hinaus wird auf diese Weise eines der letzten gro\u00dfen Orgelwerke des renommierten und innovativen Orgelbauers\u00a0<i>R\u00f6ver<\/i>\u00a0der Jahrhundertwende wieder zum Leben erweckt. Der mit der Entwicklung der Kastenlade die pneumatische Orgelwelt revolutionierte. Weltweit gibt es von\u00a0<i>R\u00f6ver<\/i>\u00a0nur noch zwei Orgeln gleicher Gr\u00f6\u00dfe in Quedlinburg und Moskau.<\/p>\n<hr \/>\n<h6 style=\"text-align: right;\">Weiter zu <a href=\"https:\/\/talstadtgemeinde-bernburg.de\/?page_id=939\">&#8222;WIE ES IM MOMENT AUSSIEHT&#8220;<\/a><\/h6>\n<p><strong style=\"line-height: 24px;\">\u00a0<\/strong><\/p>\n","protected":false},"excerpt":{"rendered":"<p>Vorstand\u00a0&#8211;\u00a0Geschichte\u00a0&#8211;\u00a0Idee\u00a0&#8211;\u00a0Momentan\u00a0&#8211;\u00a0Zeitplan\u00a0&#8211;\u00a0Nutzungskonzept\u00a0&#8211;\u00a0Kostenplanung\u00a0&#8211;\u00a0Ausblick DIE IDEE Im F\u00f6rderkreis, dem derzeit 48\u00a0Mitglieder angeh\u00f6ren, beraten vom Kreiskirchenmusiker,\u00a0dem Orgelsachverst\u00e4ndigen\u00a0der Landeskirche\u00a0und dem\u00a0Architekten\u00a0der Talstadtgemeinde, entstand die Idee statt eines Neubaus einer Orgel auf den Erwerb einer dem ehemaligen Instrument \u00e4hnlichen Orgel, bestenfalls vom gleichen Orgelbauer,\u00a0zuzugehen. Hier bot sich der Ankauf einer\u00a0R\u00f6verorgel\u00a0der Stadtkirche im benachbarten\u00a0Alsleben\u00a0an.\u00a0Dieses Instrument entsprach dar\u00fcber hinaus auch den Dimensionen der ehemaligen [&hellip;]<\/p>\n","protected":false},"author":2,"featured_media":0,"parent":173,"menu_order":0,"comment_status":"closed","ping_status":"closed","template":"page-templates\/full-width.php","meta":{"footnotes":""},"_links":{"self":[{"href":"https:\/\/talstadtgemeinde-bernburg.de\/index.php?rest_route=\/wp\/v2\/pages\/937"}],"collection":[{"href":"https:\/\/talstadtgemeinde-bernburg.de\/index.php?rest_route=\/wp\/v2\/pages"}],"about":[{"href":"https:\/\/talstadtgemeinde-bernburg.de\/index.php?rest_route=\/wp\/v2\/types\/page"}],"author":[{"embeddable":true,"href":"https:\/\/talstadtgemeinde-bernburg.de\/index.php?rest_route=\/wp\/v2\/users\/2"}],"replies":[{"embeddable":true,"href":"https:\/\/talstadtgemeinde-bernburg.de\/index.php?rest_route=%2Fwp%2Fv2%2Fcomments&post=937"}],"version-history":[{"count":1,"href":"https:\/\/talstadtgemeinde-bernburg.de\/index.php?rest_route=\/wp\/v2\/pages\/937\/revisions"}],"predecessor-version":[{"id":2395,"href":"https:\/\/talstadtgemeinde-bernburg.de\/index.php?rest_route=\/wp\/v2\/pages\/937\/revisions\/2395"}],"up":[{"embeddable":true,"href":"https:\/\/talstadtgemeinde-bernburg.de\/index.php?rest_route=\/wp\/v2\/pages\/173"}],"wp:attachment":[{"href":"https:\/\/talstadtgemeinde-bernburg.de\/index.php?rest_route=%2Fwp%2Fv2%2Fmedia&parent=937"}],"curies":[{"name":"wp","href":"https:\/\/api.w.org\/{rel}","templated":true}]}}