{"id":939,"date":"2015-07-05T06:47:05","date_gmt":"2015-07-05T04:47:05","guid":{"rendered":"http:\/\/talstadtgemeinde-bernburg.de\/?page_id=939"},"modified":"2015-07-05T06:47:05","modified_gmt":"2015-07-05T04:47:05","slug":"orgel-4","status":"publish","type":"page","link":"https:\/\/talstadtgemeinde-bernburg.de\/?page_id=939","title":{"rendered":"F\u00f6rderkreis &#8222;Neue Orgel f\u00fcr Marien&#8220;"},"content":{"rendered":"<h6 style=\"text-align: center;\"><a href=\"https:\/\/talstadtgemeinde-bernburg.de\/?page_id=173\">Vorstand<\/a>\u00a0&#8211;\u00a0<strong><a href=\"https:\/\/talstadtgemeinde-bernburg.de\/?page_id=935\">Geschichte<\/a>\u00a0&#8211;<\/strong>\u00a0<a href=\"https:\/\/talstadtgemeinde-bernburg.de\/?page_id=937\">Idee<\/a>\u00a0&#8211;\u00a0Momentan\u00a0&#8211;\u00a0<a href=\"https:\/\/talstadtgemeinde-bernburg.de\/?page_id=941\">Zeitplan<\/a>\u00a0&#8211;\u00a0<a href=\"https:\/\/talstadtgemeinde-bernburg.de\/?page_id=943\">Nutzungskonzept<\/a>\u00a0&#8211;\u00a0<a href=\"https:\/\/talstadtgemeinde-bernburg.de\/?page_id=947\">Kostenplanung<\/a>\u00a0&#8211;\u00a0<a href=\"https:\/\/talstadtgemeinde-bernburg.de\/?page_id=949\">Ausblick<\/a><\/h6>\n<hr \/>\n<p><strong><img loading=\"lazy\" decoding=\"async\" class=\"alignright wp-image-1171\" src=\"https:\/\/talstadtgemeinde-bernburg.de\/wp-content\/uploads\/2015\/07\/LOGO-300x192.png\" alt=\"LOGO\" width=\"200\" height=\"128\" srcset=\"https:\/\/talstadtgemeinde-bernburg.de\/wp-content\/uploads\/2015\/07\/LOGO-300x192.png 300w, https:\/\/talstadtgemeinde-bernburg.de\/wp-content\/uploads\/2015\/07\/LOGO-624x399.png 624w, https:\/\/talstadtgemeinde-bernburg.de\/wp-content\/uploads\/2015\/07\/LOGO.png 649w\" sizes=\"(max-width: 200px) 100vw, 200px\" \/>WIE ES IM MOMENT AUSSIEHT<\/strong><\/p>\n<p>Im Jahr\u00a02011 ist als erster Schritt das\u00a0noch vorhandene urspr\u00fcngliche Orgelgeh\u00e4use durch eine \u00f6rtlich ans\u00e4ssige Orgelbaufirma wieder aufgestellt worden. Dies schien dem F\u00f6rderkreis sinnvoll, weil so f\u00fcr die \u00d6ffentlichkeit\u00a0sichtbar\u00a0 das Vorhaben\u00a0begonnen werden konnte.\u00a0Die Ansicht der vorher leeren Orgelempore in der Marienkirche konnte so schon vervollst\u00e4ndigt\u00a0werden. Alle nach\u00a0fachlichem\u00a0Gutachten brauchbaren Teile einschlie\u00dflich\u00a0\u00a0der gro\u00dfen Windladen sowie eine\u00a0gro\u00dfe Anzahl noch vorhandener Orgelpfeifen der originalen Orgel sind in der Marienkirche\u00a0und einem nahe gelegenem sicheren und trockenen Lagerraum eingelagert\u00a0und sind\u00a0dort\u00a0\u00fcberpr\u00fcft und registriert\u00a0worden.<\/p>\n<div id=\"attachment_1177\" style=\"width: 360px\" class=\"wp-caption aligncenter\"><img loading=\"lazy\" decoding=\"async\" aria-describedby=\"caption-attachment-1177\" class=\"wp-image-1177\" src=\"https:\/\/talstadtgemeinde-bernburg.de\/wp-content\/uploads\/2015\/07\/aktueller_anblick-300x225.png\" alt=\"Aktueller Anblick\" width=\"350\" height=\"263\" srcset=\"https:\/\/talstadtgemeinde-bernburg.de\/wp-content\/uploads\/2015\/07\/aktueller_anblick-300x225.png 300w, https:\/\/talstadtgemeinde-bernburg.de\/wp-content\/uploads\/2015\/07\/aktueller_anblick.png 610w\" sizes=\"(max-width: 350px) 100vw, 350px\" \/><p id=\"caption-attachment-1177\" class=\"wp-caption-text\">Foto &#8211; aktueller Anblick<\/p><\/div>\n<p>Es muss freilich deutlich gesagt werden, dass die erworbenen Teile der\u00a0Alslebener\u00a0Orgel durch einen\u00a0<b>\u00fcber drei\u00dfigj\u00e4hrige<\/b><b>n<\/b><b>\u00a0<\/b><b>\u201e<\/b><b>Dornr\u00f6schenschlaf<\/b><b>\u201c\u00a0<\/b>und\u00a0nach einem Brandunfall\u00a0im Jahr 19765\u00a0stark, ja sehr stark in Mitleidenschaft gezogen worden sind.<\/p>\n<hr \/>\n<h6 style=\"text-align: right;\">Weiter zu <a href=\"https:\/\/talstadtgemeinde-bernburg.de\/?page_id=941\">&#8222;ZEITPLAN&#8220;<\/a><\/h6>\n","protected":false},"excerpt":{"rendered":"<p>Vorstand\u00a0&#8211;\u00a0Geschichte\u00a0&#8211;\u00a0Idee\u00a0&#8211;\u00a0Momentan\u00a0&#8211;\u00a0Zeitplan\u00a0&#8211;\u00a0Nutzungskonzept\u00a0&#8211;\u00a0Kostenplanung\u00a0&#8211;\u00a0Ausblick WIE ES IM MOMENT AUSSIEHT Im Jahr\u00a02011 ist als erster Schritt das\u00a0noch vorhandene urspr\u00fcngliche Orgelgeh\u00e4use durch eine \u00f6rtlich ans\u00e4ssige Orgelbaufirma wieder aufgestellt worden. Dies schien dem F\u00f6rderkreis sinnvoll, weil so f\u00fcr die \u00d6ffentlichkeit\u00a0sichtbar\u00a0 das Vorhaben\u00a0begonnen werden konnte.\u00a0Die Ansicht der vorher leeren Orgelempore in der Marienkirche konnte so schon vervollst\u00e4ndigt\u00a0werden. Alle nach\u00a0fachlichem\u00a0Gutachten brauchbaren Teile einschlie\u00dflich\u00a0\u00a0der [&hellip;]<\/p>\n","protected":false},"author":2,"featured_media":0,"parent":173,"menu_order":0,"comment_status":"closed","ping_status":"closed","template":"page-templates\/full-width.php","meta":{"footnotes":""},"_links":{"self":[{"href":"https:\/\/talstadtgemeinde-bernburg.de\/index.php?rest_route=\/wp\/v2\/pages\/939"}],"collection":[{"href":"https:\/\/talstadtgemeinde-bernburg.de\/index.php?rest_route=\/wp\/v2\/pages"}],"about":[{"href":"https:\/\/talstadtgemeinde-bernburg.de\/index.php?rest_route=\/wp\/v2\/types\/page"}],"author":[{"embeddable":true,"href":"https:\/\/talstadtgemeinde-bernburg.de\/index.php?rest_route=\/wp\/v2\/users\/2"}],"replies":[{"embeddable":true,"href":"https:\/\/talstadtgemeinde-bernburg.de\/index.php?rest_route=%2Fwp%2Fv2%2Fcomments&post=939"}],"version-history":[{"count":0,"href":"https:\/\/talstadtgemeinde-bernburg.de\/index.php?rest_route=\/wp\/v2\/pages\/939\/revisions"}],"up":[{"embeddable":true,"href":"https:\/\/talstadtgemeinde-bernburg.de\/index.php?rest_route=\/wp\/v2\/pages\/173"}],"wp:attachment":[{"href":"https:\/\/talstadtgemeinde-bernburg.de\/index.php?rest_route=%2Fwp%2Fv2%2Fmedia&parent=939"}],"curies":[{"name":"wp","href":"https:\/\/api.w.org\/{rel}","templated":true}]}}